{"id":194,"date":"2017-03-24T19:24:51","date_gmt":"2017-03-24T19:24:51","guid":{"rendered":"http:\/\/wikihaus.com.br\/wikihauslab\/2017\/?page_id=194"},"modified":"2017-11-07T17:11:50","modified_gmt":"2017-11-07T19:11:50","slug":"quem-somos","status":"publish","type":"page","link":"https:\/\/wikihaus.com.br\/wikihauslab\/quem-somos\/","title":{"rendered":"QUEM SOMOS"},"content":{"rendered":"<div class=\"wpb-content-wrapper\"><p>[vc_row el_id=&#8221;section1&#8243; css=&#8221;.vc_custom_1490386759224{margin-top: 180px !important;}&#8221;][vc_column][vc_column_text el_class=&#8221;wikihaus-breadcrumbs&#8221;]<\/p>\n<pre><code><div class=\"breadcrumb\" itemprop=\"breadcrumb\"><span><span><a href=\"https:\/\/wikihaus.com.br\/wikihauslab\/\">WIKIHAUSLAB<\/a><\/span><\/span><\/div><\/code><\/pre>\n<p>[\/vc_column_text][vc_column_text el_class=&#8221;quem-somos-title&#8221;]<\/p>\n<h2 style=\"text-align: center;\">Wikihauslab<\/h2>\n<p>[\/vc_column_text][vc_column_text css=&#8221;.vc_custom_1492719326678{margin-bottom: 110px !important;}&#8221; el_class=&#8221;quem-somos-content&#8221;]<\/p>\n<h1 style=\"text-align: center;\">UMA NOVA FORMA DE<br \/>\nPENSAR O MERCADO<br \/>\nIMOBILI\u00c1RIO<\/h1>\n<p>[\/vc_column_text][\/vc_column][\/vc_row][vc_row el_id=&#8221;section2&#8243;][vc_column][vc_column_text css=&#8221;.vc_custom_1505237116017{margin-top: 60px !important;margin-bottom: 90px !important;}&#8221; el_class=&#8221;section2-text-content&#8221;]<\/p>\n<h1 style=\"text-align: center;\"><strong>Nosso prop\u00f3sito \u00e9<\/strong><\/h1>\n<p>&nbsp;<\/p>\n<h4 style=\"text-align: center;\">SER UM AGENTE DE<br \/>\nTRANSFORMA\u00c7\u00c3O ATRAV\u00c9S DO<br \/>\nCOMPARTILHAMENTO DE<br \/>\nINFORMA\u00c7\u00c3O.<\/h4>\n<p>[\/vc_column_text][\/vc_column][\/vc_row][vc_row el_id=&#8221;section3&#8243;][vc_column][vc_column_text el_class=&#8221;section3-text-content&#8221; css=&#8221;.vc_custom_1492719371951{margin-top: 120px !important;}&#8221;]<\/p>\n<h1 style=\"text-align: center;\"><strong>Chegamos para<\/strong><\/h1>\n<p>&nbsp;<\/p>\n<h4 style=\"text-align: center;\">EDUCAR A NOVA GERA\u00c7\u00c3O<br \/>\nDE PROFISSIONAIS DO<br \/>\nMERCADO IMOBILI\u00c1RIO.<\/h4>\n<p>[\/vc_column_text][\/vc_column][\/vc_row][vc_row el_id=&#8221;section4&#8243;][vc_column][vc_column_text el_class=&#8221;section4-text-content&#8221; css=&#8221;.vc_custom_1492719392283{margin-top: 110px !important;}&#8221;]<\/p>\n<h1 style=\"text-align: center;\">Aproximamos voc\u00ea<\/h1>\n<p>&nbsp;<\/p>\n<h4 style=\"text-align: center;\">DE QUEM ENTENDE O NOVO CONTEXTO<br \/>\nE COLOCA EM PR\u00c1TICA IDEIAS QUE<br \/>\nTRANSFORMAM O MERCADO.<br \/>\nE O RESULTADO DE SUAS EMPRESAS.<\/h4>\n<p>[\/vc_column_text][\/vc_column][\/vc_row][vc_row content_width=&#8221;grid&#8221; el_id=&#8221;section5&#8243;][vc_column][vc_column_text el_class=&#8221;section5-text-title&#8221; css=&#8221;.vc_custom_1505237231225{margin-top: 55px !important;margin-bottom: 50px !important;border-top-width: 4px !important;border-right-width: 4px !important;border-bottom-width: 4px !important;border-left-width: 4px !important;border-left-color: #ffffff !important;border-right-color: #ffffff !important;border-top-color: #ffffff !important;border-bottom-color: #ffffff !important;}&#8221;]<\/p>\n<h1 style=\"text-align: center;\">ASSISTA NOSSO V\u00cdDEO<\/h1>\n<p>[\/vc_column_text][vc_raw_html css=&#8221;.vc_custom_1505237278790{margin-bottom: 55px !important;}&#8221;]JTNDaWZyYW1lJTIwc3JjJTNEJTIyaHR0cHMlM0ElMkYlMkZwbGF5ZXIudmltZW8uY29tJTJGdmlkZW8lMkYyMzIzNzAzMjElMjIlMjB3aWR0aCUzRCUyMjY0MCUyMiUyMGhlaWdodCUzRCUyMjM2MCUyMiUyMGZyYW1lYm9yZGVyJTNEJTIyMCUyMiUyMHdlYmtpdGFsbG93ZnVsbHNjcmVlbiUyMG1vemFsbG93ZnVsbHNjcmVlbiUyMGFsbG93ZnVsbHNjcmVlbiUzRSUzQyUyRmlmcmFtZSUzRQ==[\/vc_raw_html][\/vc_column][\/vc_row][vc_row el_id=&#8221;section6&#8243;][vc_column css=&#8221;.vc_custom_1490633813580{margin-top: 50px !important;margin-bottom: 60px !important;}&#8221;][vc_column_text el_class=&#8221;section6-text-content&#8221; css=&#8221;.vc_custom_1492719405928{margin-bottom: 50px !important;}&#8221;]<\/p>\n<h1 style=\"text-align: center;\">Quer participar<\/h1>\n<h4 style=\"text-align: center;\">DA NOVA GERA\u00c7\u00c3O DE PROFISSIONAIS<br \/>\nDO MERCADO IMOBILI\u00c1RIO?<\/h4>\n<p>[\/vc_column_text][vc_column_text]<div role=\"form\" class=\"wpcf7\" id=\"wpcf7-f230-o1\" lang=\"pt-BR\" dir=\"ltr\">\n<div class=\"screen-reader-response\" role=\"alert\" aria-live=\"polite\"><\/div>\n<form action=\"\/wikihauslab\/wp-json\/wp\/v2\/pages\/194#wpcf7-f230-o1\" method=\"post\" class=\"wpcf7-form init\" novalidate=\"novalidate\">\n<div style=\"display: none;\">\n<input type=\"hidden\" name=\"_wpcf7\" value=\"230\" \/>\n<input type=\"hidden\" name=\"_wpcf7_version\" value=\"5.2.1\" \/>\n<input type=\"hidden\" name=\"_wpcf7_locale\" value=\"pt_BR\" \/>\n<input type=\"hidden\" name=\"_wpcf7_unit_tag\" value=\"wpcf7-f230-o1\" \/>\n<input type=\"hidden\" name=\"_wpcf7_container_post\" value=\"0\" \/>\n<input type=\"hidden\" name=\"_wpcf7_posted_data_hash\" value=\"\" \/>\n<\/div>\n<p><span class=\"wpcf7-form-control-wrap menu-991\"><select name=\"menu-991\" class=\"wpcf7-form-control wpcf7-select wpcf7-validates-as-required\" aria-required=\"true\" aria-invalid=\"false\"><option value=\"Voc\u00ea \u00e9*:\">Voc\u00ea \u00e9*:<\/option><option value=\"Instrutor Especialista\">Instrutor Especialista<\/option><option value=\"Produtor de conte\u00fado\">Produtor de conte\u00fado<\/option><option value=\"Interessado no mercado\">Interessado no mercado<\/option><\/select><\/span><br \/>\n<span class=\"wpcf7-form-control-wrap your-name\"><input type=\"text\" name=\"your-name\" value=\"\" size=\"40\" class=\"wpcf7-form-control wpcf7-text wpcf7-validates-as-required\" aria-required=\"true\" aria-invalid=\"false\" placeholder=\"Deixe seu nome*\" \/><\/span><br \/>\n<span class=\"wpcf7-form-control-wrap your-email\"><input type=\"text\" name=\"your-email\" value=\"\" size=\"40\" class=\"wpcf7-form-control wpcf7-text wpcf7-validates-as-required\" aria-required=\"true\" aria-invalid=\"false\" placeholder=\"E-mail*\" \/><\/span><br \/>\n<span class=\"wpcf7-form-control-wrap your-phone\"><input type=\"tel\" name=\"your-phone\" value=\"\" size=\"40\" class=\"wpcf7-form-control wpcf7-text wpcf7-tel wpcf7-validates-as-tel\" aria-invalid=\"false\" placeholder=\"Telefone\" \/><\/span><br \/>\n<span class=\"wpcf7-form-control-wrap your-site\"><input type=\"text\" name=\"your-site\" value=\"\" size=\"40\" class=\"wpcf7-form-control wpcf7-text\" aria-invalid=\"false\" placeholder=\"Site pessoal, profissional ou da empresa\" \/><\/span><br \/>\n<span class=\"wpcf7-form-control-wrap your-message\"><textarea name=\"your-message\" cols=\"40\" rows=\"10\" class=\"wpcf7-form-control wpcf7-textarea\" aria-invalid=\"false\" placeholder=\"Mensagem\"><\/textarea><\/span><br \/>\n<input type=\"submit\" value=\"ENVIAR\" class=\"wpcf7-form-control wpcf7-submit\" \/><\/p>\n<div class=\"wpcf7-response-output\" role=\"alert\" aria-hidden=\"true\"><\/div><\/form><\/div>[\/vc_column_text][vc_column_text el_class=&#8221;section6-text-warning&#8221;]<\/p>\n<h5>*Preenchimento obrigat\u00f3rio.<\/h5>\n<p>[\/vc_column_text][\/vc_column][\/vc_row]<\/p>\n<\/div>","protected":false},"excerpt":{"rendered":"<p>[vc_row el_id=&#8221;section1&#8243; css=&#8221;.vc_custom_1490386759224{margin-top: 180px !important;}&#8221;][vc_column][vc_column_text el_class=&#8221;wikihaus-breadcrumbs&#8221;] [\/vc_column_text][vc_column_text el_class=&#8221;quem-somos-title&#8221;] Wikihauslab [\/vc_column_text][vc_column_text css=&#8221;.vc_custom_1492719326678{margin-bottom: 110px !important;}&#8221; el_class=&#8221;quem-somos-content&#8221;] UMA NOVA FORMA DE PENSAR O MERCADO IMOBILI\u00c1RIO [\/vc_column_text][\/vc_column][\/vc_row][vc_row el_id=&#8221;section2&#8243;][vc_column][vc_column_text css=&#8221;.vc_custom_1505237116017{margin-top: 60px !important;margin-bottom: 90px !important;}&#8221; el_class=&#8221;section2-text-content&#8221;] Nosso prop\u00f3sito \u00e9 &nbsp; SER UM AGENTE DE TRANSFORMA\u00c7\u00c3O ATRAV\u00c9S DO COMPARTILHAMENTO DE INFORMA\u00c7\u00c3O. [\/vc_column_text][\/vc_column][\/vc_row][vc_row [&hellip;]<\/p>\n","protected":false},"author":2,"featured_media":0,"parent":0,"menu_order":0,"comment_status":"closed","ping_status":"closed","template":"","meta":{"footnotes":""},"class_list":["post-194","page","type-page","status-publish","hentry"],"yoast_head":"<!-- This site is optimized with the Yoast SEO plugin v23.9 - https:\/\/yoast.com\/wordpress\/plugins\/seo\/ -->\n<title>Quem somos | Wikihauslab<\/title>\n<meta name=\"description\" content=\"Aproximamos voc\u00ea de quem entende o novo contexto e coloca em pr\u00e1tica ideias que transformam o mercado e o resultado de suas empresas.\" \/>\n<meta name=\"robots\" content=\"index, follow, max-snippet:-1, max-image-preview:large, max-video-preview:-1\" \/>\n<link rel=\"canonical\" href=\"https:\/\/wikihaus.com.br\/wikihauslab\/quem-somos\/\" \/>\n<meta property=\"og:locale\" content=\"pt_BR\" \/>\n<meta property=\"og:type\" content=\"article\" \/>\n<meta property=\"og:title\" content=\"Quem somos | Wikihauslab\" \/>\n<meta property=\"og:description\" content=\"Aproximamos voc\u00ea de quem entende o novo contexto e coloca em pr\u00e1tica ideias que transformam o mercado e o resultado de suas empresas.\" \/>\n<meta property=\"og:url\" content=\"https:\/\/wikihaus.com.br\/wikihauslab\/quem-somos\/\" \/>\n<meta property=\"og:site_name\" content=\"Wikihauslab\" \/>\n<meta property=\"article:modified_time\" content=\"2017-11-07T19:11:50+00:00\" \/>\n<meta name=\"twitter:card\" content=\"summary_large_image\" \/>\n<meta name=\"twitter:label1\" content=\"Est. tempo de leitura\" \/>\n\t<meta name=\"twitter:data1\" content=\"2 minutos\" \/>\n<script type=\"application\/ld+json\" class=\"yoast-schema-graph\">{\"@context\":\"https:\/\/schema.org\",\"@graph\":[{\"@type\":\"WebPage\",\"@id\":\"https:\/\/wikihaus.com.br\/wikihauslab\/quem-somos\/\",\"url\":\"https:\/\/wikihaus.com.br\/wikihauslab\/quem-somos\/\",\"name\":\"Quem somos | Wikihauslab\",\"isPartOf\":{\"@id\":\"https:\/\/wikihaus.com.br\/wikihauslab\/#website\"},\"datePublished\":\"2017-03-24T19:24:51+00:00\",\"dateModified\":\"2017-11-07T19:11:50+00:00\",\"description\":\"Aproximamos voc\u00ea de quem entende o novo contexto e coloca em pr\u00e1tica ideias que transformam o mercado e o resultado de suas empresas.\",\"breadcrumb\":{\"@id\":\"https:\/\/wikihaus.com.br\/wikihauslab\/quem-somos\/#breadcrumb\"},\"inLanguage\":\"pt-BR\",\"potentialAction\":[{\"@type\":\"ReadAction\",\"target\":[\"https:\/\/wikihaus.com.br\/wikihauslab\/quem-somos\/\"]}]},{\"@type\":\"BreadcrumbList\",\"@id\":\"https:\/\/wikihaus.com.br\/wikihauslab\/quem-somos\/#breadcrumb\",\"itemListElement\":[{\"@type\":\"ListItem\",\"position\":1,\"name\":\"WIKIHAUSLAB\",\"item\":\"https:\/\/wikihaus.com.br\/wikihauslab\/\"},{\"@type\":\"ListItem\",\"position\":2,\"name\":\"QUEM SOMOS\"}]},{\"@type\":\"WebSite\",\"@id\":\"https:\/\/wikihaus.com.br\/wikihauslab\/#website\",\"url\":\"https:\/\/wikihaus.com.br\/wikihauslab\/\",\"name\":\"Wikihauslab\",\"description\":\"Mercado Imobili\u00e1rio na sua m\u00e3o\",\"potentialAction\":[{\"@type\":\"SearchAction\",\"target\":{\"@type\":\"EntryPoint\",\"urlTemplate\":\"https:\/\/wikihaus.com.br\/wikihauslab\/?s={search_term_string}\"},\"query-input\":{\"@type\":\"PropertyValueSpecification\",\"valueRequired\":true,\"valueName\":\"search_term_string\"}}],\"inLanguage\":\"pt-BR\"}]}<\/script>\n<!-- \/ Yoast SEO plugin. -->","yoast_head_json":{"title":"Quem somos | Wikihauslab","description":"Aproximamos voc\u00ea de quem entende o novo contexto e coloca em pr\u00e1tica ideias que transformam o mercado e o resultado de suas empresas.","robots":{"index":"index","follow":"follow","max-snippet":"max-snippet:-1","max-image-preview":"max-image-preview:large","max-video-preview":"max-video-preview:-1"},"canonical":"https:\/\/wikihaus.com.br\/wikihauslab\/quem-somos\/","og_locale":"pt_BR","og_type":"article","og_title":"Quem somos | Wikihauslab","og_description":"Aproximamos voc\u00ea de quem entende o novo contexto e coloca em pr\u00e1tica ideias que transformam o mercado e o resultado de suas empresas.","og_url":"https:\/\/wikihaus.com.br\/wikihauslab\/quem-somos\/","og_site_name":"Wikihauslab","article_modified_time":"2017-11-07T19:11:50+00:00","twitter_card":"summary_large_image","twitter_misc":{"Est. tempo de leitura":"2 minutos"},"schema":{"@context":"https:\/\/schema.org","@graph":[{"@type":"WebPage","@id":"https:\/\/wikihaus.com.br\/wikihauslab\/quem-somos\/","url":"https:\/\/wikihaus.com.br\/wikihauslab\/quem-somos\/","name":"Quem somos | Wikihauslab","isPartOf":{"@id":"https:\/\/wikihaus.com.br\/wikihauslab\/#website"},"datePublished":"2017-03-24T19:24:51+00:00","dateModified":"2017-11-07T19:11:50+00:00","description":"Aproximamos voc\u00ea de quem entende o novo contexto e coloca em pr\u00e1tica ideias que transformam o mercado e o resultado de suas empresas.","breadcrumb":{"@id":"https:\/\/wikihaus.com.br\/wikihauslab\/quem-somos\/#breadcrumb"},"inLanguage":"pt-BR","potentialAction":[{"@type":"ReadAction","target":["https:\/\/wikihaus.com.br\/wikihauslab\/quem-somos\/"]}]},{"@type":"BreadcrumbList","@id":"https:\/\/wikihaus.com.br\/wikihauslab\/quem-somos\/#breadcrumb","itemListElement":[{"@type":"ListItem","position":1,"name":"WIKIHAUSLAB","item":"https:\/\/wikihaus.com.br\/wikihauslab\/"},{"@type":"ListItem","position":2,"name":"QUEM SOMOS"}]},{"@type":"WebSite","@id":"https:\/\/wikihaus.com.br\/wikihauslab\/#website","url":"https:\/\/wikihaus.com.br\/wikihauslab\/","name":"Wikihauslab","description":"Mercado Imobili\u00e1rio na sua m\u00e3o","potentialAction":[{"@type":"SearchAction","target":{"@type":"EntryPoint","urlTemplate":"https:\/\/wikihaus.com.br\/wikihauslab\/?s={search_term_string}"},"query-input":{"@type":"PropertyValueSpecification","valueRequired":true,"valueName":"search_term_string"}}],"inLanguage":"pt-BR"}]}},"_links":{"self":[{"href":"https:\/\/wikihaus.com.br\/wikihauslab\/wp-json\/wp\/v2\/pages\/194","targetHints":{"allow":["GET"]}}],"collection":[{"href":"https:\/\/wikihaus.com.br\/wikihauslab\/wp-json\/wp\/v2\/pages"}],"about":[{"href":"https:\/\/wikihaus.com.br\/wikihauslab\/wp-json\/wp\/v2\/types\/page"}],"author":[{"embeddable":true,"href":"https:\/\/wikihaus.com.br\/wikihauslab\/wp-json\/wp\/v2\/users\/2"}],"replies":[{"embeddable":true,"href":"https:\/\/wikihaus.com.br\/wikihauslab\/wp-json\/wp\/v2\/comments?post=194"}],"version-history":[{"count":61,"href":"https:\/\/wikihaus.com.br\/wikihauslab\/wp-json\/wp\/v2\/pages\/194\/revisions"}],"predecessor-version":[{"id":787,"href":"https:\/\/wikihaus.com.br\/wikihauslab\/wp-json\/wp\/v2\/pages\/194\/revisions\/787"}],"wp:attachment":[{"href":"https:\/\/wikihaus.com.br\/wikihauslab\/wp-json\/wp\/v2\/media?parent=194"}],"curies":[{"name":"wp","href":"https:\/\/api.w.org\/{rel}","templated":true}]}}